 to base 9
6167
What is 3180 (base 11) in base 3?
12202122
Convert 2054 (base 6) to base 7.
1234
880 (base 11) to base 15
4a6
8134 (base 9) to base 11
4514
-12101111 (base 3) to base 5
-111203
1010 (base 13) to base 11
172a
-121324 (base 6) to base 5
-320313
131313 (base 4) to base 13
b40
1123314 (base 5) to base 14
7655
Convert -8350 (base 10) to base 7.
-33226
What is 11232022 (base 4) in base 10?
23434
Convert 32606 (base 8) to base 3.
200210111
Convert -100011001001 (base 2) to base 5.
-32444
Convert 57043 (base 8) to base 13.
ac7a
Convert 13121000 (base 4) to base 8.
73100
What is 731 (base 15) in base 3?
2020001
-221 (base 13) to base 10
-365
Convert 132a (base 13) to base 14.
dda
201 (base 3) to base 14
15
What is -20512 (base 6) in base 10?
-2780
Convert -260211 (base 8) to base 3.
-11120210120
244 (base 12) to base 9
417
What is 45c (base 13) in base 15?
353
Convert -3443 (base 6) to base 3.
-1010100
22 (base 15) to base 13
26
What is 45215 (base 6) in base 9?
8632
What is -14bc (base 14) in base 6?
-25034
What is 224433 (base 5) in base 15?
2613
Convert -2448a (base 11) to base 10.
-35188
Convert -3b5 (base 15) to base 12.
-5a5
Convert 616 (base 7) to base 3.
102101
What is 19bb (base 16) in base 5?
202322
Convert -212 (base 7) to base 5.
-412
1126 (base 7) to base 11
345
What is 2604 (base 16) in base 3?
111100110
Convert -548 (base 13) to base 16.
-389
What is -1010100100001 (base 2) in base 16?
-1521
-22330 (base 9) to base 10
-14850
-102122 (base 5) to base 6
-23444
Convert 213202 (base 4) to base 16.
9e2
-4564 (base 7) to base 8
-3177
What is 612 (base 7) in base 2?
100101111
What is 219 (base 13) in base 16?
168
Convert -24205 (base 7) to base 12.
-3771
Convert -24343 (base 5) to base 2.
-11100111000
-100100000010000 (base 2) to base 13
-8521
Convert -1561 (base 7) to base 6.
-2531
Convert -14b70 (base 15) to base 9.
-111446
-2 (base 16) to base 2
-10
-14bd (base 16) to base 5
-132214
12221 (base 4) to base 12
2b5
-5681 (base 11) to base 16
-1d2e
Convert -302121 (base 7) to base 12.
-25743
Convert 722f (base 16) to base 15.
89db
What is 1200451 (base 6) in base 14?
18a3d
Convert 243326 (base 7) to base 6.
541342
Convert -22212 (base 4) to base 8.
-1246
What is 487 (base 12) in base 6?
3051
-2554 (base 7) to base 12
-68a
What is 443322 (base 7) in base 6?
1401120
210 (base 16) to base 11
440
Convert -1136 (base 8) to base 12.
-426
Convert 11529 (base 11) to base 6.
204520
What is -1cb (base 16) in base 11?
-388
Convert 18841 (base 10) to base 13.
8764
12210 (base 3) to base 6
420
Convert 111100101 (base 2) to base 13.
2b4
-294 (base 15) to base 8
-1115
What is -1001000011000011 (base 2) in base 11?
-25930
Convert 5115 (base 7) to base 16.
6f0
What is -26a (base 13) in base 3?
-120210
112230 (base 5) to base 9
5516
What is 102a (base 12) in base 14?
8dc
What is -552041 (base 6) in base 5?
-2431232
What is -202000 (base 3) in base 11?
-451
What is -35477 (base 12) in base 10?
-71515
What is -17972 (base 11) in base 12?
-1265a
What is 150 (base 8) in base 3?
10212
543 (base 10) to base 7
1404
Convert -1a21 (base 12) to base 15.
-e2d
Convert -10100001100111 (base 2) to base 3.
-112012002
-21001 (base 3) to base 15
-ca
What is -bb57 (base 12) in base 13?
-9532
Convert 10000111111 (base 2) to base 11.
8a9
What is 543 (base 7) in base 6?
1140
Convert -9663 (base 14) to base 8.
-62547
Convert 294e (base 15) to base 9.
13122
What is -110001111101 (base 2) in base 4?
-301331
-2651 (base 10) to base 7
-10505
4aa (base 11) to base 13
376
-af (base 16) to base 13
-106
Convert -122020 (base 4) to base 16.
-688
-1222102212 (base 3) to base 2
-1001100000101101
What is -3972 (base 15) in base 12?
-7115
Convert 60563 (base 7) to base 15.
454b
What is -696 (base 11) in base 9?
-1123
-854 (base 16) to base 8
-4124
Convert -10011100001 (base 2) to base 14.
-653
Convert 375 (base 10) to base 13.
22b
Convert -578 (base 13) to base 8.
-1660
-23 (base 7) to base 13
-14
What is -1118a (base 14) in base 15?
-c453
-9c50 (base 14) to base 12
-1383a
Convert 13680 (base 13) to base 5.
2130040
210012220 (base 3) to base 11
10692
What is -3636 (base 8) in base 2?
-11110011110
What is 327b (base 12) in base 16?
15bf
What is -6f3 (base 16) in base 15?
-7d9
Convert 21311320 (base 4) to base 11.
28318
Convert -11011 (base 5) to base 2.
-1011110100
Convert 564 (base 7) to base 16.
123
10000001101110 (base 2) to base 12
497a
1201 (base 3) to base 10
46
1474 (base 9) to base 5
13440
Convert -448 (base 11) to base 10.
-536
10404 (base 6) to base 3
1222111
Convert -44447 (base 8) to base 4.
-10210213
Convert 422 (base 9) to base 5.
2334
-20555 (base 7) to base 2
-1001111011111
What is 147 (base 8) in base 2?
1100111
430 (base 15) to base 2
1110110001
Convert -13230 (base 4) to base 11.
-408
-2043 (base 5) to base 13
-180
What is 4086 (base 9) in base 12?
1896
11102 (base 3) to base 5
434
Convert 3616 (base 11) to base 4.
1022000
What is -18da (base 15) in base 13?
-25ab
What is 33122 (base 4) in base 2?
1111011010
What is -6626 (base 10) in base 11?
-4a84
7715 (base 9) to base 12
3358
625 (base 10) to base 3
212011
Convert 13120120 (base 4) to base 5.
1431412
What is -11102 (base 6) in base 12?
-a92
What is 195 (base 16) in base 12?
299
-1021112101 (base 3) to base 14
-9262
What is -2011212010 (base 3) in base 5?
-2333111
-1201311 (base 4) to base 9
-8526
-3928 (base 11) to base 12
-2b60
-31151 (base 6) to base 15
-1381
What is -548 (base 15) in base 6?
-5305
What is 15423 (base 7) in base 14?
1813
What is 12274 (base 8) in base 2?
1010010111100
-101000010101010 (base 2) to base 9
-31284
Convert -33a1 (base 12) to base 10.
-5737
-17222 (base 11) to base 9
-36205
What is 213005 (base 7) in base 10?
37049
Convert 2994 (base 11) to base 6.
25502
What is 114656 (base 7) in base 16?
51b3
Convert 112011 (base 3) to base 15.
1a7
1040444 (base 5) to base 14
6917
-6b9 (base 16) to base 10
-1721
Convert 100011010110111 (base 2) to base 13.
8317
What is -211212 (base 3) in base 4?
-21221
What is -1001001000 (base 2) in base 12?
-408
What is -12617 (base 8) in base 9?
-7512
What is -2121022 (base 3) in base 15?
-868
Convert 3712 (base 12) to base 11.
4732
Convert 161 (base 7) to base 10.
92
Convert -2520 (base 8) to base 6.
-10144
Convert -160 (base 10) to base 12.
-114
Convert -1cd2 (base 14) to base 6.
-40240
9ba (base 16) to base 11
1964
-1289 (base 13) to base 4
-221120
Convert -28036 (base 9) to base 16.
-4a2b
-312 (base 12) to base 5
-3241
Convert 912 (base 12) to base 15.
5c5
Convert 1212202 (base 3) to base 6.
10202
-2067 (base 9) to base 4
-113233
Convert -82db (base 16) to base 13.
-1232b
Convert 2122 (base 9) to base 7.
4355
194 (base 15) to base 11
301
What is -4830 (base 10) in base 2?
-1001011011110
250 (base 11) to base 13
19b
Convert 18219 (base 14) to base 15.
13023
-11 (base 8) to base 3
-100
-113021 (base 4) to base 16
-5c9
What is 21511 (base 6) in base 12?
1897
What is 1b8 (base 16) in base 7?
1166
Convert 1980 (base 13) to base 15.
11ec
What is -2000 (base 5) in base 11?
-208
What is -56 (base 15) in base 6?
-213
What is 1ba (base 15) in base 6?
1504
5c (base 14) to base 11
75
Convert -787a (base 13) to base 14.
-61c4
Convert -12020202 (base 3) to base 10.
-3827
What is -4321 (base 5) in base 11?
-493
230 (base 10) to base 11
19a
What is 307 (base 12) in base 2?
110110111
-23220 (base 4) to base 14
-3b2
What is -38d5 (base 14) in base 8?
-23403
What is -23b (base 12) in base 15?
-175
What is -11401 (base 5) in base 13?
-506
What is -868 (base 13) in base 7?
-4123
310 (base 8) to base 2
11001000
Convert 30360 (base 8) to base 3.
122012000
Convert -3563 (base 10) to base 12.
-208b
Convert 10a9 (base 14) to base 13.
1417
Convert -4cd (base 15) to base 13.
-661
What is 22a57 (base 12) in base 5?
2441220
3223003 (base 4) to base 13
6b02
Convert -225111 (base 7) to base 15.
-bd93
What is 21553 (base 10) in base 5?
1142203
-11115 (base 6) to base 11
-1198
What is -4261 (base 12) in base 9?
-10871
What is 17011 (base 12) in base 9?
50044
What is 6503 (base 8) in base 2?
110101000011
What is -13a58 (base 11) in base 12?
-b62b
-2110201 (base 4) to base 12
-5601
Convert 1576 (base 10) to base 4.
120220
What is -212210 (base 3) in base 15?
-2cc
Convert 18342 (base 10